 Let o = 239 - v. What are the prime factors of o?
89
Suppose 176*a - 209*a = -1881. List the prime factors of a.
3, 19
Let l(v) = 9*v**3 - v**2 - 2*v + 4. Suppose -2*i - 6*z = -5*z - 11, 4*i = -z + 17. What are the prime factors of l(i)?
2, 29
Suppose 6 = 2*s + 3*z - 9, -2*z + 10 = 2*s. List the prime factors of s + 512 + 4/(-4) + -1.
2, 3, 5, 17
Let x = -1945 - -1937. Suppose 169 = 4*s + g, -3*g - 2 = -s + 24. Let t = s - x. List the prime factors of t.
7
Let a(o) = 687*o**2 + 33*o + 13. What are the prime factors of a(-7)?
5, 6689
Let g be 1494/12 - (-3)/(-2). Suppose 21*i - g = 20*i. Let t = 229 - i. What are the prime factors of t?
2, 53
Let u(y) = y**3 - 8*y**2 + 5*y + 12. Let f be u(7). Let b be 4*f/(-4) - (0 - 1). Suppose 4*r - 100 = 4*g, -140 = -b*r - r - 4*g. List the prime factors of r.
2, 3, 5
Let w = -249 + 260. What are the prime factors of (1/(-3))/(w/(-11154))?
2, 13
Let p(y) = y**3 - y - 3. Let u be p(0). Let j(h) = -4980 + 2493 + 2492 - 8*h. List the prime factors of j(u).
29
Suppose -a = -i - 280, 3*a = 8*i - 9*i + 832. Let p = 996 + -496. Let b = p - a. What are the prime factors of b?
2, 3, 37
Let l(q) be the first derivative of q**4/4 - 2*q**3/3 + 5*q**2/2 - 19*q + 63. What are the prime factors of l(7)?
3, 29
Suppose -81*q = 139123 - 541531. What are the prime factors of q?
2, 3, 23
Suppose -2*b - 4*b = -b. Suppose r = 3*r - b*r. Suppose -5*c + q + 92 = 0, r*q - 89 = -5*c + 2*q. What are the prime factors of c?
19
Let q be 3 + -1 + 3 - 10. Let i be (-2)/(0/q + 1). What are the prime factors of ((-3)/9*i)/(6/1629)?
181
Suppose 0 = -20*n + 155015 + 132205. List the prime factors of n.
3, 4787
Let v = -47 - -62. Let i be (-3*6)/(v/(-10)). List the prime factors of (231/(-12))/((-3)/i).
7, 11
Let r = 36 - 34. Let m be (-2 - -263) + r/(-1). Let i = m - 74. What are the prime factors of i?
5, 37
Let k = 33 + -13. Let z be (-8)/(-2)*55/k. Suppose 0 = -g + 36 + z. What are the prime factors of g?
47
Let q = 29252 - 17756. Suppose -20*p = -q - 1344. What are the prime factors of p?
2, 3, 107
Suppose -11695*l = -11684*l - 65065. What are the prime factors of l?
5, 7, 13
Let s(a) = 4*a**2 + 4*a + 10. Let r be s(-2). Suppose -t - 3*z = -146, r*z - 17*z + 438 = 3*t. List the prime factors of t.
2, 73
Let f(d) = -21*d - 6. Let q be f(-6). Suppose q = -m + 22. Let x = m - -173. List the prime factors of x.
3, 5
Let r = -3927 + 15200. List the prime factors of r.
11273
Let g = 14462 + -6192. What are the prime factors of g?
2, 5, 827
Let m be 6/(-14) - (-465)/105. List the prime factors of (9/(270/3048))/(m/10).
2, 127
Let a = 749 + 4488. List the prime factors of a.
5237
Let p(m) = m**3 - 7*m**2 + 7*m - 1. Let n be p(5). List the prime factors of n/((-3161)/522 + (6 - 0)).
2, 3
Let h = 73 - 78. List the prime factors of ((-346)/4 - h)*-2.
163
Suppose 3998 - 24441 - 18607 = -50*f. List the prime factors of f.
11, 71
Let o = 32813 + -16848. What are the prime factors of o?
5, 31, 103
Suppose -g = u + u - 30, -75 = -5*u + 5*g. Suppose 94*t + 3393 = -2341. Let c = u - t. What are the prime factors of c?
2, 19
Suppose 23771 + 18448 = 3*r + 11241. List the prime factors of r.
2, 3, 1721
Let w = 13378 - 4483. What are the prime factors of w?
3, 5, 593
Let o(h) = 9*h**3 - 8*h**2 - 56*h - 2. What are the prime factors of o(11)?
19, 547
Let s(w) = w**2 + 19*w - 15. Let u be s(-20). Suppose u*r - 5943 = 9*x - 13*x, 3*x - 2*r - 4440 = 0. What are the prime factors of x?
2, 3, 13, 19
Let w(u) = -14*u - 5. Let o(a) = a**3 - 13*a**2 - 15*a + 25. Let l be o(14). Let b be w(l). Let z = -93 - b. What are the prime factors of z?
2, 3, 11
Suppose -5*t + 11*y = -186447, 2*t + 27*y - 74606 = 28*y. What are the prime factors of t?
37307
Let l(t) = t**2 - t - 27. Let o be l(-5). Suppose 23 = z + 3*v, o*z - 3*v + 40 = 5*z. Suppose -18*s + z*s + 66 = 0. What are the prime factors of s?
2, 3, 11
What are the prime factors of 78630/(-40)*32/(-12)*(-9)/(-6)?
3, 2621
Let b(h) = -h**3 + 5*h**2 + 12*h + 2. Let c be b(9). Let d = 433 + c. Suppose 4*t - 3*t - 4*y - d = 0, 0 = t - y - 204. What are the prime factors of t?
199
Let c(y) be the second derivative of -y**3/3 + 76*y**2 - 25*y. What are the prime factors of c(-7)?
2, 83
Let j(l) be the first derivative of -2*l**3/3 - 7*l**2 + 10*l + 3. Let x be j(-7). List the prime factors of -7*(54/15)/((-2)/x).
2, 3, 7
Let g be (-8)/(144/266) - 2/9. Let b(o) = o**3 + 17*o**2 + 26*o + 16. Let p be b(g). Let k = -32 + p. What are the prime factors of k?
2, 11
Suppose 2*k + 2*c = 7*k - 23, -5*c = 20. Suppose 4*z + k*o - 636 = 4003, -2*o - 2316 = -2*z. What are the prime factors of z?
19, 61
Suppose -82*n + 29079 = 2*r - 85*n, -58144 = -4*r + 4*n. What are the prime factors of r?
3, 29, 167
Let a = -67063 + 135224. List the prime factors of a.
68161
Suppose 2*j - 2*a - 27176 = 0, -4*j + 2*a + 38958 = -15398. List the prime factors of j.
2, 3, 5, 151
Suppose -5*k = -5*d - 56965, 48*k = 52*k - 13*d - 45599. What are the prime factors of k?
2, 5, 17, 67
Suppose -5*g = -15, 5*x - 3*g + 5163 - 18834 = 0. Suppose x + 4243 = 7*k. List the prime factors of k.
997
Let x = -20018 + 90570. List the prime factors of x.
2, 8819
Let g = 50 - 47. Suppose -4*m = 1 + g, -3*u + 5*m = -20. Suppose 0 = -2*a - 2*y + y + 103, 4*a - 241 = u*y. What are the prime factors of a?
2, 3
Let w(k) = k**3 + k + 83. Let u be (18/4)/((-10)/40). Let j = u - -18. What are the prime factors of w(j)?
83
Suppose 50*r - 100*r + 529241 + 918909 = 0. What are the prime factors of r?
11, 2633
Suppose 0 = -5*h - 5*j - 10236 + 61126, 0 = -2*h - 4*j + 20350. What are the prime factors of h?
10181
Let c(q) = 5*q - 6. Let r be c(2). Suppose -r*d + 59 = -197. What are the prime factors of d?
2
Let n(c) = c**3 - 9*c**2 - 9*c - 7. Let a be n(10). Suppose a*w = -2*w - 1370. Let x = -179 - w. List the prime factors of x.
5, 19
Let q be (1 + 3/(-6))/((-9)/(-594)). Suppose -3*l - q = -3*f, 0*f = -3*f - 3*l + 3. Suppose -d + f*d - 740 = 0. List the prime factors of d.
2, 37
Let o(s) be the third derivative of -4*s**4/3 + 103*s**3/2 + 99*s**2. What are the prime factors of o(0)?
3, 103
Let m be (42/(-63))/((-2)/9). Suppose -2*q = -m*q - 4. What are the prime factors of ((-40)/4 + 2)/(q/118)?
2, 59
Suppose 3*j + 380 = 4*l + 100, -5*j - 345 = -5*l. Let f be (((-52)/3)/(-2))/((-35)/210). Let m = f + l. List the prime factors of m.
3, 7
Suppose 0 = -5*z - y + 29853, -5*y + 2*y + 9 = 0. List the prime factors of z.
2, 3, 5, 199
Suppose -t + 2*i + 11 = 0, -5*t + 22 = -i - 6. Suppose 2*f = -t*j + 767 + 304, 10 = -5*f. What are the prime factors of j?
5, 43
Suppose 4 = 2*m + 3*z, -m - 4*z = -0 + 3. Suppose 3*q - 275 = -m*s, -4*q + s + 89 = -3*q. List the prime factors of q.
2, 3, 5
Let i(t) = -t**3 + 2*t**2 + t + 2. Let w be i(0). Suppose w*m - 193 - 131 = 0. List the prime factors of m.
2, 3
Let q(a) = a + 12. Let g be q(-5). Let i = -5 + g. Suppose 2*l = -i*l + 124. What are the prime factors of l?
31
Let o = -77 - -88. Suppose o*v - 8*v - 66 = 0. What are the prime factors of v?
2, 11
Suppose 7*b + 5*x = 2*b - 880, -4 = 4*x. Let d = b - -594. Suppose 6*m - 589 = d. List the prime factors of m.
2, 3, 7
Suppose 4*b - 38 = -14. Suppose 5*j + 4378 = -b*j. What are the prime factors of ((-20)/(-5))/(-8)*j?
199
Suppose -2*o - 118 = -122. List the prime factors of (o/6)/(602/(-609) - -1).
29
Let h be 2/5 + 6/(-15). Suppose -5*x = -2*j + 208, 3*x + x = h. List the prime factors of j.
2, 13
Let d(r) = -r**3 + 14*r**2 - 13*r - 6. Let h = -69 + 69. Suppose h*w = 6*w - 72. List the prime factors of d(w).
2, 3, 7
List the prime factors of -5*(63424/(-160) + (-6)/(-15)).
2, 3, 5, 11
Let f(w) = -12*w + 5. Suppose 0 = -5*k + 2*z - 198 - 157, 0 = 5*k - 4*z + 345. Let g = 68 + k. List the prime factors of f(g).
5, 13
Suppose -222*y + 0*y + 6928620 = 0. List the prime factors of y.
2, 5, 3121
Let b(a) = 74*a**3 - a**2 + 4*a - 8. Let z = 728 + -726. List the prime factors of b(z).
2, 3, 7
Suppose 16894 = -6*q + 194865 + 13861. What are the prime factors of q?
2, 7993
Let j = -30609 + 128919. List the prime factors of j/70 + (-6)/14.
2, 3, 13
Suppose 2*o - 256 = -2*o. Let g be ((-210)/(-12))/(91/(-12) + 8). Suppose g = s + 2*z - 16, s - z = o. What are the prime factors of s?
2, 31
Suppose 2*l + 409 - 10